{"id":1083,"date":"2014-11-10T10:00:23","date_gmt":"2014-11-10T10:00:23","guid":{"rendered":"http:\/\/www.edelstam.org\/?page_id=1083"},"modified":"2014-11-10T07:48:02","modified_gmt":"2014-11-10T07:48:02","slug":"laureate-2014","status":"publish","type":"page","link":"https:\/\/www.edelstam.org\/es\/premio-edelstam\/laureate-2014\/","title":{"rendered":"Laureate 2014"},"content":{"rendered":"<p><strong>INFORMACI\u00d3N SOBRE LA TRAYECTORIA PROFESIONAL DE <\/strong><strong>BENJAM\u00cdN MANUEL JER\u00d3NIMO, GALARDONADO CON EL PREMIO<\/strong><strong>EDELSTAM 2014:<\/strong><\/p>\n<p>&nbsp;<\/p>\n<p>Benjam\u00edn naci\u00f3 el 31 de Marzo de 1953, y pertenece a la comunidad Maya Ach\u00ed en Guatemala. Proviene de una familia campesina humilde que trabajaba en la agricultura para ganar su sustento. Su comunidad era consciente del conflicto armado por el que atravesaba su pa\u00eds, lo que formaba parte de su vida cotidiana. La familia fu capaz de sobreponerse a aquella situaci\u00f3n, inicialmente, porque no era beligerante en aquella confrontaci\u00f3n. Sin embargo, a comienzos de los 80\u2019s todos los miembros de la comunidad se vieron involucrados contra su voluntad en el conflicto, porque las fuerzas armadas y los grupos paramilitares comenzaron a se\u00f1alarles, a pesar de ser civiles, como objetivos militares. Fu entonces cuando comenzaron a llevarse a cabo centenares de masacres contra ind\u00edgenas Mayas, civiles, inocentes e indefensos.<\/p>\n<p>&nbsp;<\/p>\n<p>El 18 de Julio de 1982, las tropas del Ej\u00e9rcito llegaron a la aldea de Benjam\u00edn, conocida como Plan de S\u00e1nchez, cerca de Rabinal, en la zona monta\u00f1osa de la Guatemala rural. Benjam\u00edn y su hermano escaparon a tiempo, y se escondieron en el bosque cercano durante horas interminables. Desde all\u00ed, presenciaron c\u00f3mo los soldados mataron a su familia, a sus vecinos, a toda la comunidad, apenas desde 75 metros de distancia. Las tropas llegaron a mediod\u00eda, forzaron a los pobladores a concentrarse en la casa de la hermana de Benjam\u00edn. Las mujeres que llevaban ni\u00f1os peque\u00f1os consigo, fueron obligadas a dejarlos en un espacio abierto, y las m\u00e1s j\u00f3venes, entre 12 y 18 a\u00f1os, fueron conducidas a otra casa diferente del resto de prisioneros.<\/p>\n<p>&nbsp;<\/p>\n<p>A las cinco de la tarde, los soldados empezaron a disparar en la casa de la hermana de Benjam\u00edn. Siguieron disparando hasta las once de la noche. A pesar de ello, algunos prisioneros segu\u00edan vivos a esa hora, y los ni\u00f1os, fuera de control, corr\u00edan en el patio, gritando. Entonces, los soldados echaron gasolina a la casa y le prendieron fuego. Despu\u00e9s, fueron agarrando a los ni\u00f1os uno por uno, los golpearon con fuerza contra el suelo mientras los sujetaban de las piernas, y despu\u00e9s los fueron arrojando al fuego.<\/p>\n<p>&nbsp;<\/p>\n<p>Seguidamente, los soldados se dirigieron a la casa en la que hab\u00edan recluido a las mujeres m\u00e1s j\u00f3venes. Las sacaron una por una, las violaron, las torturaron, y por \u00faltimo las asesinaron brutalmente. Benjam\u00edn y su hermano pod\u00edan o\u00edr los gritos y respirar el olor del incendio. Finalmente, escaparon hacia la monta\u00f1a en mitad de la noche, y regresaron a la aldea a las ocho de la ma\u00f1ana siguiente.<\/p>\n<p>&nbsp;<\/p>\n<p>A su regreso, pudieron encontrar que algunas personas que hab\u00edan sido encerradas en la casa estaban a\u00fan con vida, s\u00f3lo para morir enseguida entre grandes sufrimientos. Entre los muertos estaban la joven esposa de Benjam\u00edn y otros catorce miembros de su familia. S\u00f3lo veinte habitantes de la aldea sobrevivieron a aquel d\u00eda terrible, esa masacre inhumana en la que 256 personas fueron aterrorizadas y torturadas hasta la muerte.<\/p>\n<p>&nbsp;<\/p>\n<p>Benjam\u00edn ha luchado desde entonces por su familia y por los vecinos de su aldea, trabaja para la \u201cAsociaci\u00f3n para la Justicia y la Reconciliaci\u00f3n\u201d, de la que ha sido Presidente, y desde la Asociaci\u00f3n ha trabajado recogiendo testimonios para sostener las acusaciones contra los responsables de los cr\u00edmenes. AJR fue creada en 2000 por hombres y mujeres de 22 comunidades, testigos y supervivientes de 23 masacres, con el prop\u00f3sito de lograr el reconocimiento efectivo de los derechos humanos de las v\u00edctimas del conflicto armado interno, para establecer la historia y difundir la verdad de los cr\u00edmenes cometidos contra la poblaci\u00f3n ind\u00edgena. AJR est\u00e1 representada en las cinco regiones en las que se cometieron la mayor\u00eda de las 623 masacres que han sido registradas. Benjam\u00edn ha prestado consejo legal a las 98 personas que sobrevivieron en el \u00e1rea Ixil y que testificaron en el juicio contra el ex General y Dictador Efra\u00edn R\u00edos Montt, en el juicio que se celebr\u00f3 en la primavera de 2003, y que le conden\u00f3 a 80 a\u00f1os de prisi\u00f3n como responsable de un crimen de genocidio como part\u00edcipe en 11 de aquellas masacres. Efra\u00edn R\u00edos Montt asumi\u00f3 el Gobierno y la Presidencia <em>de facto <\/em>de Guatemala mediante un golpe de estado en Marzo de 1982, y permaneci\u00f3 en el poder hasta Agosto de 2013, cuando fue desplazado por el General y Dictador Mej\u00eda V\u00edctores mediante otro golpe de estado. Es precisamente durante ese periodo que tuvieron lugar la mayor parte de las masacres, cuando una gran parte de la poblaci\u00f3n viv\u00eda temiendo constantemente por sus vidas, teniendo que esconderse por las noches.<\/p>\n<p>&nbsp;<\/p>\n<p>R\u00edos Montt, de 87 a\u00f1os de edad, fue condenado a 80 a\u00f1os de prisi\u00f3n. Sin embargo, igual que muchas otras veces antes en Guatemala, las \u00e9lites pol\u00edticas y econ\u00f3micas del pa\u00eds se opusieron a la justicia. Hist\u00f3ricamente, es una constante en Guatemala que las personas de los niveles m\u00e1s altos de la escala social han logrado escapar siempre del escrutinio de la justicia. En Mayo de 2014 la Corte de Constitucionalidad ha declarado que el caso de R\u00edos Monttt fue conducido indebidamente y debe ser parcialmente repetido. La realidad es que muy probablemente el juicio entero debe ser repetido, porque los Jueces que participaron en el primer juicio y dictaron Sentencia no podr\u00e1n juzgar una segunda vez el mismo caso. En consecuencia, el caso volver\u00e1 a empezar en Enero de 2015, ante el mismo Tribunal de Alto Riesgo pero con diferentes Jueces.<\/p>\n<p>&nbsp;<\/p>\n<p>La guerra civil dur\u00f3 36 a\u00f1os en Guatemala. M\u00e1s de 200,000 personas fueron asesinadas; la mayor\u00eda de ellas (93%) fueron v\u00edctimas del ej\u00e9rcito y las fuerzas paramilitares del Estado.<\/p>\n<p>&nbsp;<\/p>\n<p><strong>Motivaci\u00f3n<\/strong><strong>:<\/strong> La motivaci\u00f3n del Jurado del Premio Edelstam para dar al<strong> Sr.<\/strong><strong> Benjam\u00edn Manuel Jer\u00f3nimo<\/strong> el Premio Edelstam es: Benjam\u00edn Manuel Jer\u00f3nimo es un ind\u00edgena Maya de Guatemala. Las comunidades Mayas, a pesar de constituir la mayor\u00eda de la poblaci\u00f3n, han sido explotadas, discriminadas y victimizadas en su propia tierra durante siglos. El peor momento tuvo lugar entre 1960 y 1996. Durante el conflicto armado interno de Guatemala se cometieron terribles violaciones de los derechos humanos. Seg\u00fan la Comisi\u00f3n de Esclarecimiento Hist\u00f3rico (Comisi\u00f3n de la Verdad auspiciada por la ONU) 200.000 civiles fueron asesinados y 50,000 desaparecidos; la mayor\u00eda, 83%, eran ind\u00edgenas Mayas indefensos. El 93% de los abusos fueron causados por el Estado. Despu\u00e9s de la firma de los Acuerdos de Paz, nadie fue hecho responsable por aquellos cr\u00edmenes atroces.<br \/>\nBenjam\u00edn consider\u00f3 que los responsables de los cr\u00edmenes deb\u00edan ser llevados ante la justicia. No era una tarea sencilla, puesto que la discriminaci\u00f3n, las amenazas, las represalias y la violencia persisten en Guatemala, donde el \u00edndice de muertes violentas duplica hoy el de los a\u00f1os de la guerra. Benjam\u00edn representa la voz de las v\u00edctimas; valerosa e incansablemente ha trabajado en defensa de los derechos humanos, por la verdad y la justicia para las comunidades ind\u00edgenas de su pa\u00eds, a pesar de las reiteradas amenazas contra su vida. Su empe\u00f1o y compromiso son un ejemplo, y le recuerdan cada d\u00eda a la comunidad internacional que la mayor\u00eda de los victimarios permanecen impunes.<br \/>\nTrabajando para la Asociaci\u00f3n para la Justicia y la Reconciliaci\u00f3n (AJR), Benjam\u00edn ha conseguido vencer el miedo y romper el silencio, organizar a las v\u00edctimas y recoger sus testimonios, jugando un papel esencial para hacer finalmente posible el juicio contra el dictador Efra\u00edn Rios Montt, la primera vez en la historia en que un ex jefe de estado ha sido declarado responsable en su propio pa\u00eds del crimen de genocidio.<\/p>\n<p>&nbsp;<\/p>\n<p>\u201cLa Justicia es esencial para nosotros, porque todos somos iguales, tenemos los mismos derechos, todos somos seres humanos y merecemos que se garantice nuestro derecho a la vida con dignidad. Por eso hemos hecho el esfuerzo y liderado esta iniciativa, que casi nos cost\u00f3 abandonar a nuestras familias. Buscamos la justicia para asegurarnos de que estos cr\u00edmenes no vuelvan a ocurrir nunca. Estamos convencidos de que nuestros seres queridos que fueron asesinados no pueden descansar en paz todav\u00eda, que tenemos que hacer algo por ellos, como nos hacen saber en nuestros sue\u00f1os, para exponer lo que sufrieron y pedir justicia para ellos; y de esa forma, puede que ellos se sientan un poco m\u00e1s felices\u201d dice Benjam\u00edn Manuel Jer\u00f3nimo, el galardonado con el Premio Edelstam 2014.<\/p>\n<p>&nbsp;<\/p>\n<p>Con este Premio, la Fundaci\u00f3n Edelstam quiere llamar la atenci\u00f3n de los medios y de la opini\u00f3n p\u00fablica sobre la necesidad del coraje extraordinario de individuos como Benjam\u00edn, de otras v\u00edctimas, activistas, abogados, y unos pocos jueces y fiscales, que arriesgan sus vidas para hacer posible que los responsables de cr\u00edmenes atroces sean llevados a juicio y declarados responsables ante los tribunales de justicia. En pa\u00edses como Guatemala, en los que las instituciones del sistema de seguridad y justicia son extremadamente vulnerables, cuando no hostiles frente a este esfuerzo, no es sorprendente que la hist\u00f3rica condena del General R\u00edos Montt por el crimen de genocidio haya sido declarado nula una semana despu\u00e9s de ser pronunciada. Cuando las autoridades nacionales no pueden o no quieren hacer justicia a las v\u00edctimas por s\u00ed mismas, nace una responsabilidad para la comunidad internacional.<\/p>\n","protected":false},"excerpt":{"rendered":"<p>INFORMACI\u00d3N SOBRE LA TRAYECTORIA PROFESIONAL DE BENJAM\u00cdN MANUEL JER\u00d3NIMO, GALARDONADO CON EL PREMIOEDELSTAM 2014: &nbsp; Benjam\u00edn naci\u00f3 el 31 de Marzo de 1953, y pertenece a la comunidad Maya Ach\u00ed en Guatemala. Proviene de una familia campesina humilde que trabajaba en la agricultura para ganar su sustento. Su comunidad era consciente del conflicto armado por [&hellip;]<\/p>\n","protected":false},"author":1,"featured_media":0,"parent":753,"menu_order":0,"comment_status":"open","ping_status":"open","template":"","meta":{"ocean_post_layout":"","ocean_both_sidebars_style":"","ocean_both_sidebars_content_width":0,"ocean_both_sidebars_sidebars_width":0,"ocean_sidebar":"","ocean_second_sidebar":"","ocean_disable_margins":"enable","ocean_add_body_class":"","ocean_shortcode_before_top_bar":"","ocean_shortcode_after_top_bar":"","ocean_shortcode_before_header":"","ocean_shortcode_after_header":"","ocean_has_shortcode":"","ocean_shortcode_after_title":"","ocean_shortcode_before_footer_widgets":"","ocean_shortcode_after_footer_widgets":"","ocean_shortcode_before_footer_bottom":"","ocean_shortcode_after_footer_bottom":"","ocean_display_top_bar":"default","ocean_display_header":"default","ocean_header_style":"","ocean_center_header_left_menu":"","ocean_custom_header_template":"","ocean_custom_logo":0,"ocean_custom_retina_logo":0,"ocean_custom_logo_max_width":0,"ocean_custom_logo_tablet_max_width":0,"ocean_custom_logo_mobile_max_width":0,"ocean_custom_logo_max_height":0,"ocean_custom_logo_tablet_max_height":0,"ocean_custom_logo_mobile_max_height":0,"ocean_header_custom_menu":"","ocean_menu_typo_font_family":"","ocean_menu_typo_font_subset":"","ocean_menu_typo_font_size":0,"ocean_menu_typo_font_size_tablet":0,"ocean_menu_typo_font_size_mobile":0,"ocean_menu_typo_font_size_unit":"px","ocean_menu_typo_font_weight":"","ocean_menu_typo_font_weight_tablet":"","ocean_menu_typo_font_weight_mobile":"","ocean_menu_typo_transform":"","ocean_menu_typo_transform_tablet":"","ocean_menu_typo_transform_mobile":"","ocean_menu_typo_line_height":0,"ocean_menu_typo_line_height_tablet":0,"ocean_menu_typo_line_height_mobile":0,"ocean_menu_typo_line_height_unit":"","ocean_menu_typo_spacing":0,"ocean_menu_typo_spacing_tablet":0,"ocean_menu_typo_spacing_mobile":0,"ocean_menu_typo_spacing_unit":"","ocean_menu_link_color":"","ocean_menu_link_color_hover":"","ocean_menu_link_color_active":"","ocean_menu_link_background":"","ocean_menu_link_hover_background":"","ocean_menu_link_active_background":"","ocean_menu_social_links_bg":"","ocean_menu_social_hover_links_bg":"","ocean_menu_social_links_color":"","ocean_menu_social_hover_links_color":"","ocean_disable_title":"default","ocean_disable_heading":"default","ocean_post_title":"","ocean_post_subheading":"","ocean_post_title_style":"","ocean_post_title_background_color":"","ocean_post_title_background":0,"ocean_post_title_bg_image_position":"","ocean_post_title_bg_image_attachment":"","ocean_post_title_bg_image_repeat":"","ocean_post_title_bg_image_size":"","ocean_post_title_height":0,"ocean_post_title_bg_overlay":0.5,"ocean_post_title_bg_overlay_color":"","ocean_disable_breadcrumbs":"default","ocean_breadcrumbs_color":"","ocean_breadcrumbs_separator_color":"","ocean_breadcrumbs_links_color":"","ocean_breadcrumbs_links_hover_color":"","ocean_display_footer_widgets":"default","ocean_display_footer_bottom":"default","ocean_custom_footer_template":"","footnotes":""},"class_list":["post-1083","page","type-page","status-publish","hentry","entry"],"aioseo_notices":[],"_links":{"self":[{"href":"https:\/\/www.edelstam.org\/es\/wp-json\/wp\/v2\/pages\/1083","targetHints":{"allow":["GET"]}}],"collection":[{"href":"https:\/\/www.edelstam.org\/es\/wp-json\/wp\/v2\/pages"}],"about":[{"href":"https:\/\/www.edelstam.org\/es\/wp-json\/wp\/v2\/types\/page"}],"author":[{"embeddable":true,"href":"https:\/\/www.edelstam.org\/es\/wp-json\/wp\/v2\/users\/1"}],"replies":[{"embeddable":true,"href":"https:\/\/www.edelstam.org\/es\/wp-json\/wp\/v2\/comments?post=1083"}],"version-history":[{"count":0,"href":"https:\/\/www.edelstam.org\/es\/wp-json\/wp\/v2\/pages\/1083\/revisions"}],"up":[{"embeddable":true,"href":"https:\/\/www.edelstam.org\/es\/wp-json\/wp\/v2\/pages\/753"}],"wp:attachment":[{"href":"https:\/\/www.edelstam.org\/es\/wp-json\/wp\/v2\/media?parent=1083"}],"curies":[{"name":"wp","href":"https:\/\/api.w.org\/{rel}","templated":true}]}}

<p><strong>INFORMACIÓN SOBRE LA TRAYECTORIA PROFESIONAL DE </strong><strong>BENJAMÍN MANUEL JERÓNIMO, GALARDONADO CON EL PREMIO</strong><strong>EDELSTAM 2014:</strong></p>
<p>&nbsp;</p>
<p>Benjamín nació el 31 de Marzo de 1953, y pertenece a la comunidad Maya Achí en Guatemala. Proviene de una familia campesina humilde que trabajaba en la agricultura para ganar su sustento. Su comunidad era consciente del conflicto armado por el que atravesaba su país, lo que formaba parte de su vida cotidiana. La familia fu capaz de sobreponerse a aquella situación, inicialmente, porque no era beligerante en aquella confrontación. Sin embargo, a comienzos de los 80’s todos los miembros de la comunidad se vieron involucrados contra su voluntad en el conflicto, porque las fuerzas armadas y los grupos paramilitares comenzaron a señalarles, a pesar de ser civiles, como objetivos militares. Fu entonces cuando comenzaron a llevarse a cabo centenares de masacres contra indígenas Mayas, civiles, inocentes e indefensos.</p>
<p>&nbsp;</p>
<p>El 18 de Julio de 1982, las tropas del Ejército llegaron a la aldea de Benjamín, conocida como Plan de Sánchez, cerca de Rabinal, en la zona montañosa de la Guatemala rural. Benjamín y su hermano escaparon a tiempo, y se escondieron en el bosque cercano durante horas interminables. Desde allí, presenciaron cómo los soldados mataron a su familia, a sus vecinos, a toda la comunidad, apenas desde 75 metros de distancia. Las tropas llegaron a mediodía, forzaron a los pobladores a concentrarse en la casa de la hermana de Benjamín. Las mujeres que llevaban niños pequeños consigo, fueron obligadas a dejarlos en un espacio abierto, y las más jóvenes, entre 12 y 18 años, fueron conducidas a otra casa diferente del resto de prisioneros.</p>
<p>&nbsp;</p>
<p>A las cinco de la tarde, los soldados empezaron a disparar en la casa de la hermana de Benjamín. Siguieron disparando hasta las once de la noche. A pesar de ello, algunos prisioneros seguían vivos a esa hora, y los niños, fuera de control, corrían en el patio, gritando. Entonces, los soldados echaron gasolina a la casa y le prendieron fuego. Después, fueron agarrando a los niños uno por uno, los golpearon con fuerza contra el suelo mientras los sujetaban de las piernas, y después los fueron arrojando al fuego.</p>
<p>&nbsp;</p>
<p>Seguidamente, los soldados se dirigieron a la casa en la que habían recluido a las mujeres más jóvenes. Las sacaron una por una, las violaron, las torturaron, y por último las asesinaron brutalmente. Benjamín y su hermano podían oír los gritos y respirar el olor del incendio. Finalmente, escaparon hacia la montaña en mitad de la noche, y regresaron a la aldea a las ocho de la mañana siguiente.</p>
<p>&nbsp;</p>
<p>A su regreso, pudieron encontrar que algunas personas que habían sido encerradas en la casa estaban aún con vida, sólo para morir enseguida entre grandes sufrimientos. Entre los muertos estaban la joven esposa de Benjamín y otros catorce miembros de su familia. Sólo veinte habitantes de la aldea sobrevivieron a aquel día terrible, esa masacre inhumana en la que 256 personas fueron aterrorizadas y torturadas hasta la muerte.</p>
<p>&nbsp;</p>
<p>Benjamín ha luchado desde entonces por su familia y por los vecinos de su aldea, trabaja para la “Asociación para la Justicia y la Reconciliación”, de la que ha sido Presidente, y desde la Asociación ha trabajado recogiendo testimonios para sostener las acusaciones contra los responsables de los crímenes. AJR fue creada en 2000 por hombres y mujeres de 22 comunidades, testigos y supervivientes de 23 masacres, con el propósito de lograr el reconocimiento efectivo de los derechos humanos de las víctimas del conflicto armado interno, para establecer la historia y difundir la verdad de los crímenes cometidos contra la población indígena. AJR está representada en las cinco regiones en las que se cometieron la mayoría de las 623 masacres que han sido registradas. Benjamín ha prestado consejo legal a las 98 personas que sobrevivieron en el área Ixil y que testificaron en el juicio contra el ex General y Dictador Efraín Ríos Montt, en el juicio que se celebró en la primavera de 2003, y que le condenó a 80 años de prisión como responsable de un crimen de genocidio como partícipe en 11 de aquellas masacres. Efraín Ríos Montt asumió el Gobierno y la Presidencia <em>de facto </em>de Guatemala mediante un golpe de estado en Marzo de 1982, y permaneció en el poder hasta Agosto de 2013, cuando fue desplazado por el General y Dictador Mejía Víctores mediante otro golpe de estado. Es precisamente durante ese periodo que tuvieron lugar la mayor parte de las masacres, cuando una gran parte de la población vivía temiendo constantemente por sus vidas, teniendo que esconderse por las noches.</p>
<p>&nbsp;</p>
<p>Ríos Montt, de 87 años de edad, fue condenado a 80 años de prisión. Sin embargo, igual que muchas otras veces antes en Guatemala, las élites políticas y económicas del país se opusieron a la justicia. Históricamente, es una constante en Guatemala que las personas de los niveles más altos de la escala social han logrado escapar siempre del escrutinio de la justicia. En Mayo de 2014 la Corte de Constitucionalidad ha declarado que el caso de Ríos Monttt fue conducido indebidamente y debe ser parcialmente repetido. La realidad es que muy probablemente el juicio entero debe ser repetido, porque los Jueces que participaron en el primer juicio y dictaron Sentencia no podrán juzgar una segunda vez el mismo caso. En consecuencia, el caso volverá a empezar en Enero de 2015, ante el mismo Tribunal de Alto Riesgo pero con diferentes Jueces.</p>
<p>&nbsp;</p>
<p>La guerra civil duró 36 años en Guatemala. Más de 200,000 personas fueron asesinadas; la mayoría de ellas (93%) fueron víctimas del ejército y las fuerzas paramilitares del Estado.</p>
<p>&nbsp;</p>
<p><strong>Motivación</strong><strong>:</strong> La motivación del Jurado del Premio Edelstam para dar al<strong> Sr.</strong><strong> Benjamín Manuel Jerónimo</strong> el Premio Edelstam es: Benjamín Manuel Jerónimo es un indígena Maya de Guatemala. Las comunidades Mayas, a pesar de constituir la mayoría de la población, han sido explotadas, discriminadas y victimizadas en su propia tierra durante siglos. El peor momento tuvo lugar entre 1960 y 1996. Durante el conflicto armado interno de Guatemala se cometieron terribles violaciones de los derechos humanos. Según la Comisión de Esclarecimiento Histórico (Comisión de la Verdad auspiciada por la ONU) 200.000 civiles fueron asesinados y 50,000 desaparecidos; la mayoría, 83%, eran indígenas Mayas indefensos. El 93% de los abusos fueron causados por el Estado. Después de la firma de los Acuerdos de Paz, nadie fue hecho responsable por aquellos crímenes atroces.<br />
Benjamín consideró que los responsables de los crímenes debían ser llevados ante la justicia. No era una tarea sencilla, puesto que la discriminación, las amenazas, las represalias y la violencia persisten en Guatemala, donde el índice de muertes violentas duplica hoy el de los años de la guerra. Benjamín representa la voz de las víctimas; valerosa e incansablemente ha trabajado en defensa de los derechos humanos, por la verdad y la justicia para las comunidades indígenas de su país, a pesar de las reiteradas amenazas contra su vida. Su empeño y compromiso son un ejemplo, y le recuerdan cada día a la comunidad internacional que la mayoría de los victimarios permanecen impunes.<br />
Trabajando para la Asociación para la Justicia y la Reconciliación (AJR), Benjamín ha conseguido vencer el miedo y romper el silencio, organizar a las víctimas y recoger sus testimonios, jugando un papel esencial para hacer finalmente posible el juicio contra el dictador Efraín Rios Montt, la primera vez en la historia en que un ex jefe de estado ha sido declarado responsable en su propio país del crimen de genocidio.</p>
<p>&nbsp;</p>
<p>“La Justicia es esencial para nosotros, porque todos somos iguales, tenemos los mismos derechos, todos somos seres humanos y merecemos que se garantice nuestro derecho a la vida con dignidad. Por eso hemos hecho el esfuerzo y liderado esta iniciativa, que casi nos costó abandonar a nuestras familias. Buscamos la justicia para asegurarnos de que estos crímenes no vuelvan a ocurrir nunca. Estamos convencidos de que nuestros seres queridos que fueron asesinados no pueden descansar en paz todavía, que tenemos que hacer algo por ellos, como nos hacen saber en nuestros sueños, para exponer lo que sufrieron y pedir justicia para ellos; y de esa forma, puede que ellos se sientan un poco más felices” dice Benjamín Manuel Jerónimo, el galardonado con el Premio Edelstam 2014.</p>
<p>&nbsp;</p>
<p>Con este Premio, la Fundación Edelstam quiere llamar la atención de los medios y de la opinión pública sobre la necesidad del coraje extraordinario de individuos como Benjamín, de otras víctimas, activistas, abogados, y unos pocos jueces y fiscales, que arriesgan sus vidas para hacer posible que los responsables de crímenes atroces sean llevados a juicio y declarados responsables ante los tribunales de justicia. En países como Guatemala, en los que las instituciones del sistema de seguridad y justicia son extremadamente vulnerables, cuando no hostiles frente a este esfuerzo, no es sorprendente que la histórica condena del General Ríos Montt por el crimen de genocidio haya sido declarado nula una semana después de ser pronunciada. Cuando las autoridades nacionales no pueden o no quieren hacer justicia a las víctimas por sí mismas, nace una responsabilidad para la comunidad internacional.</p>

<p>INFORMACIÓN SOBRE LA TRAYECTORIA PROFESIONAL DE BENJAMÍN MANUEL JERÓNIMO, GALARDONADO CON EL PREMIOEDELSTAM 2014: &nbsp; Benjamín nació el 31 de Marzo de 1953, y pertenece a la comunidad Maya Achí en Guatemala. Proviene de una familia campesina humilde que trabajaba en la agricultura para ganar su sustento. Su comunidad era consciente del conflicto armado por [&hellip;]</p>
